 -8*(-1)/2 - -3. Calculate the greatest common factor of 670 and q.
5
Let q(x) = x**2 + x - 7. Let c(u) = 2*u**2 + u - 7. Let v(r) = 2*c(r) - 3*q(r). Let p be v(0). What is the highest common divisor of p and 56?
7
Let u(f) = f**2 - f + 5. Let o be u(4). Suppose 0 = -6*g + 3*g + 9. Suppose -g*n = -363 - 198. Calculate the greatest common divisor of o and n.
17
Let t(u) = -132*u**2 - 10*u + 2 + 131*u**2 + 24. Let n be t(-12). What is the greatest common divisor of n and 5?
1
Let h(p) = -p**2 + 11*p + 13. Let y be h(9). Let s be (12/5)/((-6)/(-620)). Calculate the highest common divisor of s and y.
31
Suppose -4*y - 12 = 0, 2*x = y - 3*y + 2. Suppose 2 - 20 = -3*d. What is the highest common factor of x and d?
2
Suppose -y + 0*y + 6 = 0. Suppose 2*r = -4*n + 60, -n - 3*r + y = 2*r. Calculate the greatest common divisor of 24 and n.
8
Let i be 5 - (-6 - 18/(-2)). Calculate the highest common divisor of i and 2.
2
Let d(q) = 4*q + 7. Let k be (-2)/((-5 - -4)/1). Suppose r + k*r = 21. Let z be d(r). What is the highest common factor of 7 and z?
7
Let c be 5 - (-2 + 2) - -35. What is the greatest common divisor of c and 460?
20
Suppose d = -4*d + 220. Let k be ((-44)/6)/(12/(-144)). What is the highest common divisor of d and k?
44
Suppose 31 = s - 2*t + 6*t, -5*s + t + 71 = 0. Let l be 3/(18/3)*10. Calculate the highest common factor of l and s.
5
Suppose 3*x - k = -5*k - 11, -2*x - 4 = k. Let q be (1 - -11)*(-2 + 4 + x). Calculate the greatest common factor of q and 8.
4
Let v = -12 + 30. Suppose -29*s - 18 = -32*s. Let f(h) = 32*h + 6. Let o be f(s). Calculate the greatest common factor of o and v.
18
Let o = -479 + 527. What is the greatest common factor of o and 6?
6
Let g = 374 + -212. What is the greatest common factor of g and 9?
9
Suppose 6*p + 416 = 7*p. Calculate the highest common divisor of p and 128.
32
Let a be (-2)/(-10) - 2/((-30)/237). Calculate the greatest common factor of a and 104.
8
Let s = 74 + -44. Let f = s - 19. Calculate the greatest common divisor of f and 99.
11
Let t(k) = k**2 - 19*k - 2. Let c be t(-2). Calculate the highest common divisor of c and 100.
20
Let k be 138 + (-5)/20*-28. Calculate the highest common divisor of 232 and k.
29
Let k be (2 - 2)*2/(-2). Suppose 5*n = 3*x - 6*x + 228, 4*x - 4*n - 336 = k. What is the highest common factor of 9 and x?
9
Let q = -1067 + 709. Let d be 1/(-15)*-2 + q/(-15). What is the highest common divisor of d and 6?
6
Let b = 217 - 304. Suppose -x = x + 6, -5*k = 2*x + 101. Let u = k - b. Calculate the highest common factor of u and 17.
17
Let a(m) = m**3 + 39*m**2 + 33*m - 120. Let l be a(-38). What is the greatest common divisor of 245 and l?
35
Let f(i) = i**3 - 12*i**2 - 10*i + 30. Let x be f(13). What is the greatest common divisor of 46 and x?
23
Let q(l) = 2*l**2 - 20*l + 8. Let p be q(10). Suppose 5*t - 3*t - 24 = 0. What is the greatest common factor of t and p?
4
Let s = 283 + -215. Calculate the highest common divisor of 136 and s.
68
Let d be (-43)/(-3) + 2/3. Suppose 0 = -11*o + 59 - 4. Suppose 3*g - o = 10. Calculate the greatest common divisor of g and d.
5
Suppose 2*m - m + 34 = 4*a, -3*m = 2*a - 24. Suppose 0 = 46*c - 845 - 2053. What is the highest common factor of a and c?
9
Suppose 3*q + 3*b - 879 = 432, 3*q - 4*b - 1332 = 0. Calculate the greatest common factor of q and 40.
40
Let g(i) = -31*i - 2. Let f be g(-1). Let w = -56 - -143. What is the highest common factor of w and f?
29
Suppose 56 + 52 = 3*o. Calculate the highest common factor of o and 324.
36
Let i be (1634/(-228) - (-3)/2)*-3. Let p(s) = 21*s**2 + 2*s - 3. Let v be p(2). Calculate the highest common divisor of v and i.
17
Let o be (-284)/71*3/(-4). What is the greatest common factor of 16 and o?
1
Suppose 4*s + 4*v + 59 = v, -3*s - 43 = 2*v. Let a(i) = -i**3 - 11*i**2 - 3*i - 17. Let q be a(s). Calculate the highest common divisor of q and 176.
16
Suppose 5*o = -2*a + 261, -3*o + 165 = 6*a - 9*a. What is the highest common factor of o and 689?
53
Let f be (-4)/10 - 63/(-35)*3. Suppose -3*p - 2*z = -13, f*p - 3*z - 7 = z. What is the greatest common factor of 3 and p?
3
Suppose 2*r + 4*z - 232 = 0, 2*r - 368 = -r - 2*z. Suppose 98 = 55*v - 48*v. What is the greatest common factor of r and v?
14
Let v(g) = g + 2. Let a be v(3). Suppose -6*h = -a*h - 5. Suppose -11 + 86 = h*j. What is the highest common factor of j and 75?
15
Let h = -117 - -286. Let c = 188 - 186. Let i be c/(-13) + 36530/h. Calculate the greatest common divisor of 27 and i.
27
Let c be 3*(-80)/18*15/(-10). Calculate the greatest common divisor of 250 and c.
10
Suppose 619*h = 611*h + 136. Suppose -2*k + 227 = 3*d + 20, -k + 98 = -4*d. What is the greatest common divisor of k and h?
17
Let s(y) = -y**3 + 5*y**2 + 5*y + 1. Let i = 1 + 5. Let d be s(i). Let j be (-5)/d - -43*3. What is the highest common divisor of j and 26?
26
Let b be (-2 + 3 - -1) + 1. Suppose 2*a - 5 = b. Suppose 19 = -3*g + 25. Calculate the greatest common factor of a and g.
2
Suppose 8*x + 6*x - 98 = 0. What is the highest common divisor of 7 and x?
7
Suppose -165 = -22*q + 539. What is the highest common factor of 544 and q?
32
Let i be (-56)/42*147/(-4). Let q(p) = 2*p - 5. Let r be q(6). Calculate the highest common divisor of i and r.
7
Let j(l) = l**3 - 5*l**2 + 3*l + 6. Let m be j(4). Suppose -2*u - 2*q + 2 = -4, q = -m*u + 8. What is the highest common factor of 10 and u?
5
Suppose o + 36 = 2*q - 4*q, -3*q - 3*o - 51 = 0. Let u = -7 - q. Let z = 42 - 18. What is the highest common factor of u and z?
12
Suppose 5*u - 5123 = -2*v, 3*u = -2*u + v + 5126. Calculate the greatest common divisor of u and 25.
25
Let j = 118 + -181. Suppose 2*v + w + 2*w + 90 = 0, -4*v + 4*w = 180. Let t = v - j. Calculate the highest common factor of t and 9.
9
Suppose 0 = -14*b + 17*b - 4*r - 17, 5*b - 4*r = 39. Calculate the greatest common factor of 407 and b.
11
Suppose 26*b - 360 = 16*b. Calculate the greatest common factor of b and 54.
18
Suppose 7*p - 20 = 2*p. Suppose -n = -p - 1. Suppose 18 = 4*g - 5*w - 11, 2*g + 3*w + 13 = 0. Calculate the highest common factor of n and g.
1
Let b = 2 + 7. Suppose a - 4*c + 1 = -11, 0 = -3*c + b. Suppose -3*x - 2*x - 2*m + 314 = 0, a = 5*m + 15. Calculate the highest common divisor of x and 16.
16
Let d = 288 + 697. Calculate the highest common divisor of 5 and d.
5
Let y be (-6 - -6)/3 + 4. What is the greatest common factor of 2 and y?
2
Let i be 167 + 10/2 + -7. Let f = -11 + 36. Let b = -10 + f. What is the highest common factor of b and i?
15
Let g be (-16)/24 - 7/3. Let a = 32 - g. What is the greatest common divisor of 280 and a?
35
Let b(i) = i + 43. Let x be b(3). What is the greatest common factor of 161 and x?
23
Let a be -3 - -21 - -3 - 3. Suppose -a + 6 = -r. Let u be r*(-4)/(-16)*4. Calculate the highest common factor of u and 48.
12
Suppose 3*t + t = 4*f - 4, -4*f + 16 = -t. Suppose 1 = -m - 4*y - 1, -5*y + 20 = f*m. Calculate the greatest common divisor of 6 and m.
6
Let v(d) = -d**3 - 4*d**2 - 13*d - 22. Let y be v(-5). What is the greatest common factor of y and 459?
17
Let t be (-28)/((-8)/(-700)*-7). Calculate the greatest common divisor of t and 280.
70
Suppose 4*p + 3*d = 11, 5*p - 5 = 4*d + 1. Suppose -p*v + 2*x + 2 = -2, -2*x = -10. What is the greatest common divisor of v and 2?
1
Let h be (1 + 7)/(-2 + 4). Let k(x) = -8*x - 1. Let w be k(-1). Let g = 23 - w. Calculate the greatest common divisor of h and g.
4
Let r = 740 - 728. Let z be (1/2)/((-2)/(-876)). Let a = z - 135. What is the highest common factor of a and r?
12
Suppose -33*l + 1551 = -2079. Calculate the highest common divisor of l and 30.
10
Suppose -r + 0*r = 71. Let c = -64 - r. Calculate the highest common divisor of 49 and c.
7
Let u be 4*(1 - -114) - 2*-1. Let m be 10/65 - -1*u/39. What is the highest common divisor of 108 and m?
12
Suppose 3*v = 3*d + 15 + 12, 4*v = -3*d + 36. What is the greatest common divisor of 48 and v?
3
Let b = 178 - 88. Let h = b - 85. Calculate the highest common divisor of h and 1.
1
Let h(i) be the second derivative of i**5/20 - i**4/4 - i**3 - i**2 + 9*i. Let x be h(5). Calculate the greatest common divisor of 9 and x.
9
Let w be 2/9 + 34/9. Let c be (-22)/w + (-36)/(-24). Let p = 12 + c. What is the gr